{"id":4742,"date":"2026-05-11T16:01:55","date_gmt":"2026-05-11T14:01:55","guid":{"rendered":"https:\/\/www.buchenau-lan.de\/?page_id=4742"},"modified":"2026-05-11T16:04:49","modified_gmt":"2026-05-11T14:04:49","slug":"organisatoren-2-2-2-2","status":"publish","type":"page","link":"https:\/\/www.buchenau-lan.de\/?page_id=4742","title":{"rendered":"Organisatoren"},"content":{"rendered":"\n<p>Auf dieser Seite m\u00f6chten sich die Organisatoren der Community LAN einmal vorstellen.<br>Im Jahr 2025 gab es einige Ver\u00e4nderungen im Orga Team.<\/p>\n<p>&nbsp;<\/p>\n\n\n\n<p>Aktuell ist das Team wie folgt aufgestellt:<\/p>\n\n\n<div class=\"wp-block-image\">\n<figure class=\"alignleft is-resized\"><img loading=\"lazy\" decoding=\"async\" width=\"240\" height=\"300\" src=\"https:\/\/www.buchenau-lan.de\/wp-content\/uploads\/2026\/04\/Kolbe-240x300.jpg\" alt=\"\" class=\"wp-image-4519\" style=\"width:110px\" srcset=\"https:\/\/www.buchenau-lan.de\/wp-content\/uploads\/2026\/04\/Kolbe-240x300.jpg 240w, https:\/\/www.buchenau-lan.de\/wp-content\/uploads\/2026\/04\/Kolbe.jpg 250w\" sizes=\"auto, (max-width: 240px) 100vw, 240px\" \/><\/figure><\/div>\n\n\n<p><strong>Kolbe<\/strong> <br>ist erst relativ sp\u00e4t in die virtuelle Flugwelt eingestiegen. Bei der Buchenau LAN 2007 hat Kolbe erste Erfahrungen in Bezug auf Missionsbau und Briefings sammeln k\u00f6nnen. Nachdem Max 2008 die Buchenau LAN aus zeitlichen Gr\u00fcnden nicht mehr organisieren konnte, hat er die Organisation der folgenden LANs \u00fcbernommen. Hierbei k\u00fcmmert er sich \u00fcberwiegend um administrative T\u00e4tigkeiten und sorgt f\u00fcr f****n Action.<\/p>\n\n\n\n<p>&nbsp;<\/p>\n\n\n\n<p>&nbsp;<\/p>\n\n\n<div class=\"wp-block-image\">\n<figure class=\"alignleft is-resized\"><img loading=\"lazy\" decoding=\"async\" width=\"234\" height=\"300\" src=\"https:\/\/www.buchenau-lan.de\/wp-content\/uploads\/2026\/04\/Bloodhound-234x300.jpg\" alt=\"\" class=\"wp-image-4515\" style=\"width:110px\" srcset=\"https:\/\/www.buchenau-lan.de\/wp-content\/uploads\/2026\/04\/Bloodhound-234x300.jpg 234w, https:\/\/www.buchenau-lan.de\/wp-content\/uploads\/2026\/04\/Bloodhound.jpg 245w\" sizes=\"auto, (max-width: 234px) 100vw, 234px\" \/><\/figure><\/div>\n\n\n<p><strong>Bloodhound<\/strong> <br>seit 2016 im Organisatorenteam. <br>Zu seiner Spezialit\u00e4t geh\u00f6rt der Missionsbau und ist gerade deswegen eine Bereicherung f\u00fcr Buchenau. Dies stellt er nicht nur w\u00e4hrend der LAN unter Beweis. \u00dcbers Jahr organisiert er wiederkehrend staffel\u00fcbergreifende Fl\u00fcge, um die Community weiter zu einen<br><br><\/p>\n\n\n\n<p>&nbsp;<\/p>\n\n\n\n<p>&nbsp;<\/p>\n\n\n<div class=\"wp-block-image\">\n<figure class=\"alignleft is-resized\"><img loading=\"lazy\" decoding=\"async\" width=\"244\" height=\"300\" src=\"https:\/\/www.buchenau-lan.de\/wp-content\/uploads\/2026\/04\/Micro-244x300.jpg\" alt=\"\" class=\"wp-image-4520\" style=\"width:110px\" srcset=\"https:\/\/www.buchenau-lan.de\/wp-content\/uploads\/2026\/04\/Micro-244x300.jpg 244w, https:\/\/www.buchenau-lan.de\/wp-content\/uploads\/2026\/04\/Micro.jpg 257w\" sizes=\"auto, (max-width: 244px) 100vw, 244px\" \/><\/figure><\/div>\n\n\n<p><strong>Micro <br><\/strong>neu im Orga Team seit 2025<br>Er hat durch <a href=\"https:\/\/www.falcon-events.de\/public\/\">falcon Events<\/a> reichlich Erfahrung in der Organisation von Multiplayer Events und geh\u00f6rt zum BMS Entwicklerteam . <br>Er k\u00fcmmert sich u.a.um die Zimmerverteilung und die Organisation des Flugbetriebs<br><br><\/p>\n\n\n\n<p>&nbsp;<\/p>\n\n\n\n<p>&nbsp;<\/p>\n\n\n<div class=\"wp-block-image\">\n<figure class=\"alignleft is-resized\"><img loading=\"lazy\" decoding=\"async\" width=\"246\" height=\"300\" src=\"https:\/\/www.buchenau-lan.de\/wp-content\/uploads\/2026\/04\/Xanpro-246x300.jpg\" alt=\"\" class=\"wp-image-4522\" style=\"width:110px\" srcset=\"https:\/\/www.buchenau-lan.de\/wp-content\/uploads\/2026\/04\/Xanpro-246x300.jpg 246w, https:\/\/www.buchenau-lan.de\/wp-content\/uploads\/2026\/04\/Xanpro.jpg 257w\" sizes=\"auto, (max-width: 246px) 100vw, 246px\" \/><\/figure><\/div>\n\n\n<p><strong>X4nPro<\/strong> <br>neu im Orga Team seit 2025<br>Er ist der Mastermind f\u00fcr unsere gesamte Netzwerkinfrastruktur<br><br><br><br><\/p>\n\n\n\n<p>&nbsp;<\/p>\n\n\n\n<p>&nbsp;<\/p>\n\n\n<div class=\"wp-block-image\">\n<figure class=\"alignleft is-resized\"><img decoding=\"async\" src=\"https:\/\/www.buchenau-lan.de\/wp-content\/uploads\/2026\/04\/Viper-230x300.jpg\" alt=\"\" class=\"wp-image-4521\" style=\"width:110px\"\/><\/figure><\/div>\n\n\n<p><strong>Viper<\/strong> <br>neu im Orga Team seit 2025<br>Falcon Urgestein und Mitorganistaor des LLTM <br>Zu seinen Aufgaben z\u00e4hlen u.a. die Koordination des Auf- und Abbaus<br><br><\/p>\n\n\n\n<p>&nbsp;<\/p>\n\n\n\n<p>&nbsp;<\/p>\n\n\n\n<hr>\n<p>&nbsp;<\/p>\n\n\n\n<p>Nicht vergessen wollen wir all diejenigen die in der Vergangenheit daf\u00fcr gesorgt haben das die Buchenau-Lan \u00fcberhaupt erst m\u00f6glich wurde, und zu dem Event geworden ist das wir heute so sch\u00e4tzen.<\/p>\n\n\n\n<p>&nbsp;<\/p>\n\n\n<div class=\"wp-block-image\">\n<figure class=\"alignright is-resized\"><img decoding=\"async\" src=\"https:\/\/www.buchenau-lan.de\/wp-content\/uploads\/2026\/04\/Max.jpg\" alt=\"\" class=\"wp-image-4541\" style=\"width:110px\"\/><\/figure><\/div>\n\n\n<p><strong>Max<\/strong> <br>hat die ersten beiden Buchenau-Events 2006 und 2007organisiert und ist damit der Ur-Vater der Buchenau-LAN. Er geh\u00f6rt der virtuellen Flugstaffel Falconeers an. Unter dem Motto <em>\u201eFalconeers &amp; Friends\u201c<\/em> konnten alle Falcon begeisterten Piloten bei dem offenen Staffeltreffen der Falconeers Buchenau-Luft schnuppern. Ihm ist es zu verdanken, dass wir das Schloss Buchenau als attraktive und kosteng\u00fcnstige Location f\u00fcr unsere LAN etabliert haben. Nachdem Max die Organisation aus zeitlichen Gr\u00fcnden ab 2008 nicht mehr \u00fcbernehmen konnte, wurde die LAN von Kolbe und Cop,&nbsp;&nbsp;fortgef\u00fchrt.<\/p>\n\n\n\n<p>&nbsp;<\/p>\n\n\n<div class=\"wp-block-image\">\n<figure class=\"alignright size-full is-resized\"><img loading=\"lazy\" decoding=\"async\" width=\"207\" height=\"259\" src=\"https:\/\/www.buchenau-lan.de\/wp-content\/uploads\/2026\/04\/NickTaylor-1-e1778501760730.jpg\" alt=\"\" class=\"wp-image-4530\" style=\"width:110px\"\/><\/figure><\/div>\n\n\n<p><strong>Nick Taylor<\/strong> <br>war seit 2011 f\u00fcr den Flugbetrieb verantwortlich. Er hat sich in der Vergangenheit durch diverse Storyline basierte Missionen einen Namen gemacht. Zu nennen w\u00e4ren hier insbesondere seine ma\u00dfgebliche Beteiligung an den \u201eFalcon Operations\u201c und der LLTM im Jahre 2010, bei der er f\u00fcr die Falcon Section verantwortlich war. Er versteht es immer wieder, durch frische Ideen die Falcon Community zu \u00fcberraschen und zu begeistern.<\/p>\n\n\n\n<p>&nbsp;<\/p>\n\n\n\n<p>&nbsp;<\/p>\n\n\n<div class=\"wp-block-image\">\n<figure class=\"alignright is-resized\"><img loading=\"lazy\" decoding=\"async\" width=\"189\" height=\"226\" src=\"https:\/\/www.buchenau-lan.de\/wp-content\/uploads\/2026\/04\/Cop.jpg\" alt=\"\" class=\"wp-image-4537\" style=\"width:110px\"\/><\/figure><\/div>\n\n\n<p><strong>Cop<\/strong> <br>hatte sich in der Vergangenheit durch die Organisation von staffel\u00fcbergreifenden LANs im deutschsprachigen Raum einen Namen gemacht.&nbsp;<br>Seit Anfang 2000 hatte er an jeder gr\u00f6\u00dferen LAN teilgenommen. Im Jahre 2011 entschied er, bei organisatorischen Aufgaben k\u00fcrzer zu treten, ist jedoch immer mal wieder eingesprungen, wenn Not am Mann war.<\/p>\n\n\n\n<p>&nbsp;<\/p>\n\n\n\n<p>&nbsp;<\/p>\n\n\n<div class=\"wp-block-image\">\n<figure class=\"alignright is-resized\"><img loading=\"lazy\" decoding=\"async\" width=\"248\" height=\"286\" src=\"https:\/\/www.buchenau-lan.de\/wp-content\/uploads\/2026\/04\/Hannibal.jpg\" alt=\"\" class=\"wp-image-4516\" style=\"width:110px\"\/><\/figure><\/div>\n\n\n<p><strong>Hannibal <br><\/strong>war seit 2017 im Organisationsteam aktiv.<br>Mit steigender Teilnehmerzahl ist der organisatorische Aufwand abseits des Flugbetriebs enorm gestiegen. Hannibal unterst\u00fctzte Kolbe bis 2024 bei der Vorbereitung und Durchf\u00fchrung der Veranstaltung.<br><br><\/p>\n\n\n\n<p>&nbsp;<\/p>\n\n\n\n<p>\u00a0<\/p>\n<p>Wenn Ihr Fragen oder Anregungen an die Organisatoren richten wollt, k\u00f6nnt Ihr das <a href=\"https:\/\/www.buchenau-lan.de\/?page_id=191\">hier<\/a> tun.<\/p>\n<p>Wir wollen an dieser Stelle nicht vers\u00e4umen, den vielen Helfern und Unterst\u00fctzern zu danken, die uns durch Erstellen von Missionen, Bereitstellen von Hard- und Software oder durch ihr Know-How unterst\u00fctzt haben.<\/p>\n<p>Ganz besonders bedanken m\u00f6chten wir uns bei <strong>PeaDot<\/strong>. Ihm haben wir es zu verdanken, dass diese Webseite mit seinem technischen Know-How \u00fcberhaupt erst entstanden ist.<\/p>\n","protected":false},"excerpt":{"rendered":"<p>Auf dieser Seite m\u00f6chten sich die Organisatoren der Community LAN einmal vorstellen.Im Jahr 2025 gab es einige Ver\u00e4nderungen im Orga Team. &nbsp; Aktuell ist das Team wie folgt aufgestellt: Kolbe ist erst relativ sp\u00e4t in die virtuelle Flugwelt eingestiegen. Bei der Buchenau LAN 2007 hat Kolbe erste Erfahrungen in Bezug auf Missionsbau und Briefings sammeln [&hellip;]<\/p>\n","protected":false},"author":8,"featured_media":0,"parent":0,"menu_order":4,"comment_status":"closed","ping_status":"closed","template":"","meta":{"give_campaign_id":0,"footnotes":""},"folder":[],"class_list":["post-4742","page","type-page","status-publish","hentry"],"campaignId":"","_links":{"self":[{"href":"https:\/\/www.buchenau-lan.de\/index.php?rest_route=\/wp\/v2\/pages\/4742","targetHints":{"allow":["GET"]}}],"collection":[{"href":"https:\/\/www.buchenau-lan.de\/index.php?rest_route=\/wp\/v2\/pages"}],"about":[{"href":"https:\/\/www.buchenau-lan.de\/index.php?rest_route=\/wp\/v2\/types\/page"}],"author":[{"embeddable":true,"href":"https:\/\/www.buchenau-lan.de\/index.php?rest_route=\/wp\/v2\/users\/8"}],"replies":[{"embeddable":true,"href":"https:\/\/www.buchenau-lan.de\/index.php?rest_route=%2Fwp%2Fv2%2Fcomments&post=4742"}],"version-history":[{"count":5,"href":"https:\/\/www.buchenau-lan.de\/index.php?rest_route=\/wp\/v2\/pages\/4742\/revisions"}],"predecessor-version":[{"id":4764,"href":"https:\/\/www.buchenau-lan.de\/index.php?rest_route=\/wp\/v2\/pages\/4742\/revisions\/4764"}],"wp:attachment":[{"href":"https:\/\/www.buchenau-lan.de\/index.php?rest_route=%2Fwp%2Fv2%2Fmedia&parent=4742"}],"wp:term":[{"taxonomy":"folder","embeddable":true,"href":"https:\/\/www.buchenau-lan.de\/index.php?rest_route=%2Fwp%2Fv2%2Ffolder&post=4742"}],"curies":[{"name":"wp","href":"https:\/\/api.w.org\/{rel}","templated":true}]}}