{"id":45,"date":"2009-04-17T00:51:53","date_gmt":"2009-04-16T22:51:53","guid":{"rendered":"http:\/\/peadot.de\/buchenau\/?page_id=45"},"modified":"2026-04-29T13:41:46","modified_gmt":"2026-04-29T11:41:46","slug":"unterbringung","status":"publish","type":"page","link":"https:\/\/www.buchenau-lan.de\/?page_id=45","title":{"rendered":"Unterkunft"},"content":{"rendered":"<p><!--:de--><\/p>\n<h2 style=\"text-align: center;\">Unterbringung<\/h2>\n<p style=\"text-align: left;\"><span style=\"font-size: medium;\">Im Schloss Buchenau sind wir in Zwei- bis maximal Sechsbettzimmern unterschiedlicher Komfortstufen untergebracht. WCs und Bad\/Dusche gibt es entweder in den Zimmern selbst oder auf der Etage (Flur).<\/span><\/p>\n<p style=\"text-align: left;\"><span style=\"font-size: medium;\">Das Schloss Buchenau ist eine Gruppenunterkunft und vergibt dementsprechend die Zimmer erst aufgrund der tats\u00e4chlich vorhandenen Belegungssituation. Die genaue Belegung legen wir in Abh\u00e4ngigkeit von der Verf\u00fcgbarkeit im Voraus fest. In den vergangenen Jahren konnten wir Mehrbettzimmer auch als Zweibettzimmer nutzen. Der Verantwortliche hat sich in dieser Angelegenheit stets kulant gezeigt. <\/span><\/p>\n<p style=\"text-align: left;\"><span style=\"font-size: medium;\">Einzelzimmerbuchung ist ebenfalls m\u00f6glich, wobei auch\u00a0 nur eine begrenzte Anzahl (je nach Belegungssituation) zur Verf\u00fcgung stehen kann. Der Aufschlag f\u00fcr ein Einzelzimmer betr\u00e4gt 25,-\u20ac. Belegungsw\u00fcnsche k\u00f6nnt ihr direkt im Anmeldeformular \u00e4u\u00dfern. Wir werden versuchen, den W\u00fcnschen zu entsprechen, m\u00fcssen uns aber auch an die Vorgaben des Schlosses halten.<\/span><\/p>\n<table class=\"aligncenter\" style=\"width: 88.9634%; height: 278px;\" border=\"0\">\n<tbody>\n<tr style=\"height: 257px;\">\n<td style=\"width: 35.7799%; text-align: justify; height: 157px;\">\n<p style=\"text-align: right;\"><img loading=\"lazy\" decoding=\"async\" class=\"alignnone size-medium wp-image-4402\" src=\"https:\/\/www.buchenau-lan.de\/wp-content\/uploads\/2026\/04\/Zimmer-3-300x189.jpg\" alt=\"\" width=\"300\" height=\"189\" srcset=\"https:\/\/www.buchenau-lan.de\/wp-content\/uploads\/2026\/04\/Zimmer-3-300x189.jpg 300w, https:\/\/www.buchenau-lan.de\/wp-content\/uploads\/2026\/04\/Zimmer-3-768x483.jpg 768w, https:\/\/www.buchenau-lan.de\/wp-content\/uploads\/2026\/04\/Zimmer-3.jpg 800w\" sizes=\"auto, (max-width: 300px) 100vw, 300px\" \/><\/p>\n<\/td>\n<td style=\"width: 19.8144%; text-align: justify; height: 157px;\"><img loading=\"lazy\" decoding=\"async\" class=\"wp-image-4403 aligncenter\" src=\"https:\/\/www.buchenau-lan.de\/wp-content\/uploads\/2026\/04\/Zimmer-2-205x300.jpg\" alt=\"\" width=\"123\" height=\"180\" srcset=\"https:\/\/www.buchenau-lan.de\/wp-content\/uploads\/2026\/04\/Zimmer-2-205x300.jpg 205w, https:\/\/www.buchenau-lan.de\/wp-content\/uploads\/2026\/04\/Zimmer-2-698x1024.jpg 698w, https:\/\/www.buchenau-lan.de\/wp-content\/uploads\/2026\/04\/Zimmer-2-768x1126.jpg 768w, https:\/\/www.buchenau-lan.de\/wp-content\/uploads\/2026\/04\/Zimmer-2.jpg 800w\" sizes=\"auto, (max-width: 123px) 100vw, 123px\" \/><\/td>\n<td style=\"width: 34.1556%; text-align: justify; height: 157px;\">\n<p style=\"text-align: center;\"><img loading=\"lazy\" decoding=\"async\" class=\"alignnone size-medium wp-image-4404\" src=\"https:\/\/www.buchenau-lan.de\/wp-content\/uploads\/2026\/04\/Zimmer-300x194.jpg\" alt=\"\" width=\"300\" height=\"194\" srcset=\"https:\/\/www.buchenau-lan.de\/wp-content\/uploads\/2026\/04\/Zimmer-300x194.jpg 300w, https:\/\/www.buchenau-lan.de\/wp-content\/uploads\/2026\/04\/Zimmer-1024x663.jpg 1024w, https:\/\/www.buchenau-lan.de\/wp-content\/uploads\/2026\/04\/Zimmer-768x497.jpg 768w, https:\/\/www.buchenau-lan.de\/wp-content\/uploads\/2026\/04\/Zimmer.jpg 1280w\" sizes=\"auto, (max-width: 300px) 100vw, 300px\" \/><\/p>\n<\/td>\n<\/tr>\n<tr style=\"height: 23px;\">\n<td style=\"text-align: center; width: 35.7799%; height: 55px;\"><\/td>\n<td style=\"width: 19.8144%; height: 55px;\">Zimmerbeispiele<\/td>\n<td style=\"text-align: center; width: 34.1556%; height: 55px;\"><\/td>\n<\/tr>\n<\/tbody>\n<\/table>\n<h2 style=\"text-align: center;\">Verpflegung<\/h2>\n<p><span style=\"font-size: medium;\">F\u00fcr die \u00dcbernachtung in den Schlosszimmern werden wir uns mit Vollpension anmelden. <\/span><\/p>\n<p><span style=\"font-size: medium;\">Die Erfahrung hat gezeigt, dass das Essen hervorragend und reichlich ist.<\/span><\/p>\n<table class=\"aligncenter\" style=\"height: 350px; width: 77.1417%; border-collapse: collapse; border-style: hidden;\" border=\"1\">\n<tbody>\n<tr style=\"height: 176px;\">\n<td style=\"width: 50.1543%; height: 176px;\"><img loading=\"lazy\" decoding=\"async\" class=\"alignnone size-medium wp-image-4407 aligncenter\" src=\"https:\/\/www.buchenau-lan.de\/wp-content\/uploads\/2026\/04\/Fruehstueck-300x169.jpg\" alt=\"\" width=\"300\" height=\"169\" srcset=\"https:\/\/www.buchenau-lan.de\/wp-content\/uploads\/2026\/04\/Fruehstueck-300x169.jpg 300w, https:\/\/www.buchenau-lan.de\/wp-content\/uploads\/2026\/04\/Fruehstueck-1024x576.jpg 1024w, https:\/\/www.buchenau-lan.de\/wp-content\/uploads\/2026\/04\/Fruehstueck-768x432.jpg 768w, https:\/\/www.buchenau-lan.de\/wp-content\/uploads\/2026\/04\/Fruehstueck-1536x864.jpg 1536w, https:\/\/www.buchenau-lan.de\/wp-content\/uploads\/2026\/04\/Fruehstueck-2048x1152.jpg 2048w\" sizes=\"auto, (max-width: 300px) 100vw, 300px\" \/><\/td>\n<td style=\"width: 73.1842%; height: 176px;\"><img loading=\"lazy\" decoding=\"async\" class=\"alignnone size-medium wp-image-4408\" src=\"https:\/\/www.buchenau-lan.de\/wp-content\/uploads\/2026\/04\/Mittag1-300x169.jpg\" alt=\"\" width=\"300\" height=\"169\" srcset=\"https:\/\/www.buchenau-lan.de\/wp-content\/uploads\/2026\/04\/Mittag1-300x169.jpg 300w, https:\/\/www.buchenau-lan.de\/wp-content\/uploads\/2026\/04\/Mittag1-1024x576.jpg 1024w, https:\/\/www.buchenau-lan.de\/wp-content\/uploads\/2026\/04\/Mittag1-768x432.jpg 768w, https:\/\/www.buchenau-lan.de\/wp-content\/uploads\/2026\/04\/Mittag1-1536x864.jpg 1536w, https:\/\/www.buchenau-lan.de\/wp-content\/uploads\/2026\/04\/Mittag1.jpg 1920w\" sizes=\"auto, (max-width: 300px) 100vw, 300px\" \/><\/td>\n<\/tr>\n<tr style=\"height: 174px;\">\n<td style=\"width: 50.1543%; height: 174px;\"><img loading=\"lazy\" decoding=\"async\" class=\"size-medium wp-image-4405 aligncenter\" src=\"https:\/\/www.buchenau-lan.de\/wp-content\/uploads\/2026\/04\/Abend1-300x169.jpg\" alt=\"\" width=\"300\" height=\"169\" srcset=\"https:\/\/www.buchenau-lan.de\/wp-content\/uploads\/2026\/04\/Abend1-300x169.jpg 300w, https:\/\/www.buchenau-lan.de\/wp-content\/uploads\/2026\/04\/Abend1-1024x576.jpg 1024w, https:\/\/www.buchenau-lan.de\/wp-content\/uploads\/2026\/04\/Abend1-768x432.jpg 768w, https:\/\/www.buchenau-lan.de\/wp-content\/uploads\/2026\/04\/Abend1-1536x864.jpg 1536w, https:\/\/www.buchenau-lan.de\/wp-content\/uploads\/2026\/04\/Abend1.jpg 1920w\" sizes=\"auto, (max-width: 300px) 100vw, 300px\" \/><\/td>\n<td style=\"width: 73.1842%; height: 174px;\"><img loading=\"lazy\" decoding=\"async\" class=\"alignnone size-medium wp-image-4409\" src=\"https:\/\/www.buchenau-lan.de\/wp-content\/uploads\/2026\/04\/Mittag2-300x169.jpg\" alt=\"\" width=\"300\" height=\"169\" srcset=\"https:\/\/www.buchenau-lan.de\/wp-content\/uploads\/2026\/04\/Mittag2-300x169.jpg 300w, https:\/\/www.buchenau-lan.de\/wp-content\/uploads\/2026\/04\/Mittag2-1024x576.jpg 1024w, https:\/\/www.buchenau-lan.de\/wp-content\/uploads\/2026\/04\/Mittag2-768x432.jpg 768w, https:\/\/www.buchenau-lan.de\/wp-content\/uploads\/2026\/04\/Mittag2.jpg 1280w\" sizes=\"auto, (max-width: 300px) 100vw, 300px\" \/><\/td>\n<\/tr>\n<\/tbody>\n<\/table>\n<p style=\"text-align: left;\"><span style=\"font-size: medium;\">Das Fr\u00fchst\u00fcck kostet 18 \u20ac, Mittagessen 25 \u20ac, und Abendessen 16 \u20ac.<\/span><\/p>\n<p style=\"text-align: left;\"><span style=\"font-size: medium;\">Das B\u00fcffet bietet ausreichend Abwechslung f\u00fcr jedermann.<\/span><\/p>\n<p style=\"text-align: center;\"><span style=\"font-size: medium;\"> <span style=\"font-size: medium;\">Die Essenszeiten sind:<\/span><\/span><\/p>\n<p style=\"text-align: center;\"><strong><span style=\"font-size: medium;\">Fr\u00fchst\u00fcck: 08:00 bis 09:00 Uhr<\/span><\/strong><\/p>\n<p style=\"text-align: center;\"><strong><span style=\"font-size: medium;\">Mittagessen: 12:30 bis 13:00 Uhr<\/span><\/strong><\/p>\n<p style=\"text-align: center;\"><strong><span style=\"font-size: medium;\">Abendessen: 18:30 bis 19:30 Uhr<\/span><\/strong><\/p>\n<p style=\"text-align: left;\"><span style=\"font-size: medium;\">Weiterhin stehen in den umliegenden Ortschaften Einkaufsm\u00e4rkte zur Verf\u00fcgung, um sich mit Knabberzeugs und Getr\u00e4nken eindecken zu k\u00f6nnen.<\/span><\/p>\n<p style=\"text-align: left;\"><span style=\"font-size: medium;\">Vor Ort werden ein Wasserkocher und eine Kaffeemaschine mit Thermoskanne bereitstehen, wo man sich f\u00fcr einen kleinen Unkostenbeitrag selbst an Kaffee, Cappuccino oder Tee bedienen darf.<\/span><\/p>\n<p style=\"text-align: left;\"><span style=\"font-size: medium;\">Fast schon traditionell findet am Samstag ein Grillabend statt, wenn uns das Wetter nicht einen geh\u00f6rigen Strich durch die Rechnung macht. In den vergangenen Jahren hatten wir meist Gl\u00fcck. <\/span><\/p>\n<p style=\"text-align: center;\"><img loading=\"lazy\" decoding=\"async\" class=\"alignnone wp-image-4414\" src=\"https:\/\/www.buchenau-lan.de\/wp-content\/uploads\/2026\/04\/IMG_E1080-300x169.jpg\" alt=\"\" width=\"400\" height=\"225\" srcset=\"https:\/\/www.buchenau-lan.de\/wp-content\/uploads\/2026\/04\/IMG_E1080-300x169.jpg 300w, https:\/\/www.buchenau-lan.de\/wp-content\/uploads\/2026\/04\/IMG_E1080-1024x576.jpg 1024w, https:\/\/www.buchenau-lan.de\/wp-content\/uploads\/2026\/04\/IMG_E1080-768x432.jpg 768w, https:\/\/www.buchenau-lan.de\/wp-content\/uploads\/2026\/04\/IMG_E1080-1536x864.jpg 1536w, https:\/\/www.buchenau-lan.de\/wp-content\/uploads\/2026\/04\/IMG_E1080-2048x1152.jpg 2048w\" sizes=\"auto, (max-width: 400px) 100vw, 400px\" \/><\/p>\n<p style=\"text-align: left;\"><span style=\"font-size: medium;\">Wir werden aber erst kurzfristig entscheiden m\u00fcssen, ob es sich lohnt, den Grill anzuwerfen oder nicht. Alternativ werden wir wie gewohnt am Abendbuffet teilnehmen. Grillgut wird wieder \u00fcber das Schloss Buchenau bestellt. Es entstehen dabei keine weiteren Kosten, da diese durch das bereits angerechnete Abendessen gedeckt werden.<\/span><\/p>\n<p style=\"text-align: right;\"><a href=\"https:\/\/www.buchenau-lan.de\/?page_id=68\"><span style=\"font-size: medium;\">zur\u00fcck<\/span><\/a><\/p>\n<p><!--:--><!--:en--><\/p>\n<p style=\"text-align: left;\"><!--:--><\/p>\n","protected":false},"excerpt":{"rendered":"<p>Unterbringung Im Schloss Buchenau sind wir in Zwei- bis maximal Sechsbettzimmern unterschiedlicher Komfortstufen untergebracht. WCs und Bad\/Dusche gibt es entweder in den Zimmern selbst oder auf der Etage (Flur). Das Schloss Buchenau ist eine Gruppenunterkunft und vergibt dementsprechend die Zimmer erst aufgrund der tats\u00e4chlich vorhandenen Belegungssituation. Die genaue Belegung legen wir in Abh\u00e4ngigkeit von der [&hellip;]<\/p>\n","protected":false},"author":2,"featured_media":0,"parent":68,"menu_order":0,"comment_status":"closed","ping_status":"open","template":"","meta":{"give_campaign_id":0,"footnotes":""},"folder":[],"class_list":["post-45","page","type-page","status-publish","hentry"],"campaignId":"","_links":{"self":[{"href":"https:\/\/www.buchenau-lan.de\/index.php?rest_route=\/wp\/v2\/pages\/45","targetHints":{"allow":["GET"]}}],"collection":[{"href":"https:\/\/www.buchenau-lan.de\/index.php?rest_route=\/wp\/v2\/pages"}],"about":[{"href":"https:\/\/www.buchenau-lan.de\/index.php?rest_route=\/wp\/v2\/types\/page"}],"author":[{"embeddable":true,"href":"https:\/\/www.buchenau-lan.de\/index.php?rest_route=\/wp\/v2\/users\/2"}],"replies":[{"embeddable":true,"href":"https:\/\/www.buchenau-lan.de\/index.php?rest_route=%2Fwp%2Fv2%2Fcomments&post=45"}],"version-history":[{"count":130,"href":"https:\/\/www.buchenau-lan.de\/index.php?rest_route=\/wp\/v2\/pages\/45\/revisions"}],"predecessor-version":[{"id":4505,"href":"https:\/\/www.buchenau-lan.de\/index.php?rest_route=\/wp\/v2\/pages\/45\/revisions\/4505"}],"up":[{"embeddable":true,"href":"https:\/\/www.buchenau-lan.de\/index.php?rest_route=\/wp\/v2\/pages\/68"}],"wp:attachment":[{"href":"https:\/\/www.buchenau-lan.de\/index.php?rest_route=%2Fwp%2Fv2%2Fmedia&parent=45"}],"wp:term":[{"taxonomy":"folder","embeddable":true,"href":"https:\/\/www.buchenau-lan.de\/index.php?rest_route=%2Fwp%2Fv2%2Ffolder&post=45"}],"curies":[{"name":"wp","href":"https:\/\/api.w.org\/{rel}","templated":true}]}}

<p><!--:de--></p>
<h2 style="text-align: center;">Unterbringung</h2>
<p style="text-align: left;"><span style="font-size: medium;">Im Schloss Buchenau sind wir in Zwei- bis maximal Sechsbettzimmern unterschiedlicher Komfortstufen untergebracht. WCs und Bad/Dusche gibt es entweder in den Zimmern selbst oder auf der Etage (Flur).</span></p>
<p style="text-align: left;"><span style="font-size: medium;">Das Schloss Buchenau ist eine Gruppenunterkunft und vergibt dementsprechend die Zimmer erst aufgrund der tatsächlich vorhandenen Belegungssituation. Die genaue Belegung legen wir in Abhängigkeit von der Verfügbarkeit im Voraus fest. In den vergangenen Jahren konnten wir Mehrbettzimmer auch als Zweibettzimmer nutzen. Der Verantwortliche hat sich in dieser Angelegenheit stets kulant gezeigt. </span></p>
<p style="text-align: left;"><span style="font-size: medium;">Einzelzimmerbuchung ist ebenfalls möglich, wobei auch  nur eine begrenzte Anzahl (je nach Belegungssituation) zur Verfügung stehen kann. Der Aufschlag für ein Einzelzimmer beträgt 25,-€. Belegungswünsche könnt ihr direkt im Anmeldeformular äußern. Wir werden versuchen, den Wünschen zu entsprechen, müssen uns aber auch an die Vorgaben des Schlosses halten.</span></p>
<table class="aligncenter" style="width: 88.9634%; height: 278px;" border="0">
<tbody>
<tr style="height: 257px;">
<td style="width: 35.7799%; text-align: justify; height: 157px;">
<p style="text-align: right;"><img loading="lazy" decoding="async" class="alignnone size-medium wp-image-4402" src="https://www.buchenau-lan.de/wp-content/uploads/2026/04/Zimmer-3-300x189.jpg" alt="" width="300" height="189" srcset="https://www.buchenau-lan.de/wp-content/uploads/2026/04/Zimmer-3-300x189.jpg 300w, https://www.buchenau-lan.de/wp-content/uploads/2026/04/Zimmer-3-768x483.jpg 768w, https://www.buchenau-lan.de/wp-content/uploads/2026/04/Zimmer-3.jpg 800w" sizes="auto, (max-width: 300px) 100vw, 300px" /></p>
</td>
<td style="width: 19.8144%; text-align: justify; height: 157px;"><img loading="lazy" decoding="async" class="wp-image-4403 aligncenter" src="https://www.buchenau-lan.de/wp-content/uploads/2026/04/Zimmer-2-205x300.jpg" alt="" width="123" height="180" srcset="https://www.buchenau-lan.de/wp-content/uploads/2026/04/Zimmer-2-205x300.jpg 205w, https://www.buchenau-lan.de/wp-content/uploads/2026/04/Zimmer-2-698x1024.jpg 698w, https://www.buchenau-lan.de/wp-content/uploads/2026/04/Zimmer-2-768x1126.jpg 768w, https://www.buchenau-lan.de/wp-content/uploads/2026/04/Zimmer-2.jpg 800w" sizes="auto, (max-width: 123px) 100vw, 123px" /></td>
<td style="width: 34.1556%; text-align: justify; height: 157px;">
<p style="text-align: center;"><img loading="lazy" decoding="async" class="alignnone size-medium wp-image-4404" src="https://www.buchenau-lan.de/wp-content/uploads/2026/04/Zimmer-300x194.jpg" alt="" width="300" height="194" srcset="https://www.buchenau-lan.de/wp-content/uploads/2026/04/Zimmer-300x194.jpg 300w, https://www.buchenau-lan.de/wp-content/uploads/2026/04/Zimmer-1024x663.jpg 1024w, https://www.buchenau-lan.de/wp-content/uploads/2026/04/Zimmer-768x497.jpg 768w, https://www.buchenau-lan.de/wp-content/uploads/2026/04/Zimmer.jpg 1280w" sizes="auto, (max-width: 300px) 100vw, 300px" /></p>
</td>
</tr>
<tr style="height: 23px;">
<td style="text-align: center; width: 35.7799%; height: 55px;"></td>
<td style="width: 19.8144%; height: 55px;">Zimmerbeispiele</td>
<td style="text-align: center; width: 34.1556%; height: 55px;"></td>
</tr>
</tbody>
</table>
<h2 style="text-align: center;">Verpflegung</h2>
<p><span style="font-size: medium;">Für die Übernachtung in den Schlosszimmern werden wir uns mit Vollpension anmelden. </span></p>
<p><span style="font-size: medium;">Die Erfahrung hat gezeigt, dass das Essen hervorragend und reichlich ist.</span></p>
<table class="aligncenter" style="height: 350px; width: 77.1417%; border-collapse: collapse; border-style: hidden;" border="1">
<tbody>
<tr style="height: 176px;">
<td style="width: 50.1543%; height: 176px;"><img loading="lazy" decoding="async" class="alignnone size-medium wp-image-4407 aligncenter" src="https://www.buchenau-lan.de/wp-content/uploads/2026/04/Fruehstueck-300x169.jpg" alt="" width="300" height="169" srcset="https://www.buchenau-lan.de/wp-content/uploads/2026/04/Fruehstueck-300x169.jpg 300w, https://www.buchenau-lan.de/wp-content/uploads/2026/04/Fruehstueck-1024x576.jpg 1024w, https://www.buchenau-lan.de/wp-content/uploads/2026/04/Fruehstueck-768x432.jpg 768w, https://www.buchenau-lan.de/wp-content/uploads/2026/04/Fruehstueck-1536x864.jpg 1536w, https://www.buchenau-lan.de/wp-content/uploads/2026/04/Fruehstueck-2048x1152.jpg 2048w" sizes="auto, (max-width: 300px) 100vw, 300px" /></td>
<td style="width: 73.1842%; height: 176px;"><img loading="lazy" decoding="async" class="alignnone size-medium wp-image-4408" src="https://www.buchenau-lan.de/wp-content/uploads/2026/04/Mittag1-300x169.jpg" alt="" width="300" height="169" srcset="https://www.buchenau-lan.de/wp-content/uploads/2026/04/Mittag1-300x169.jpg 300w, https://www.buchenau-lan.de/wp-content/uploads/2026/04/Mittag1-1024x576.jpg 1024w, https://www.buchenau-lan.de/wp-content/uploads/2026/04/Mittag1-768x432.jpg 768w, https://www.buchenau-lan.de/wp-content/uploads/2026/04/Mittag1-1536x864.jpg 1536w, https://www.buchenau-lan.de/wp-content/uploads/2026/04/Mittag1.jpg 1920w" sizes="auto, (max-width: 300px) 100vw, 300px" /></td>
</tr>
<tr style="height: 174px;">
<td style="width: 50.1543%; height: 174px;"><img loading="lazy" decoding="async" class="size-medium wp-image-4405 aligncenter" src="https://www.buchenau-lan.de/wp-content/uploads/2026/04/Abend1-300x169.jpg" alt="" width="300" height="169" srcset="https://www.buchenau-lan.de/wp-content/uploads/2026/04/Abend1-300x169.jpg 300w, https://www.buchenau-lan.de/wp-content/uploads/2026/04/Abend1-1024x576.jpg 1024w, https://www.buchenau-lan.de/wp-content/uploads/2026/04/Abend1-768x432.jpg 768w, https://www.buchenau-lan.de/wp-content/uploads/2026/04/Abend1-1536x864.jpg 1536w, https://www.buchenau-lan.de/wp-content/uploads/2026/04/Abend1.jpg 1920w" sizes="auto, (max-width: 300px) 100vw, 300px" /></td>
<td style="width: 73.1842%; height: 174px;"><img loading="lazy" decoding="async" class="alignnone size-medium wp-image-4409" src="https://www.buchenau-lan.de/wp-content/uploads/2026/04/Mittag2-300x169.jpg" alt="" width="300" height="169" srcset="https://www.buchenau-lan.de/wp-content/uploads/2026/04/Mittag2-300x169.jpg 300w, https://www.buchenau-lan.de/wp-content/uploads/2026/04/Mittag2-1024x576.jpg 1024w, https://www.buchenau-lan.de/wp-content/uploads/2026/04/Mittag2-768x432.jpg 768w, https://www.buchenau-lan.de/wp-content/uploads/2026/04/Mittag2.jpg 1280w" sizes="auto, (max-width: 300px) 100vw, 300px" /></td>
</tr>
</tbody>
</table>
<p style="text-align: left;"><span style="font-size: medium;">Das Frühstück kostet 18 €, Mittagessen 25 €, und Abendessen 16 €.</span></p>
<p style="text-align: left;"><span style="font-size: medium;">Das Büffet bietet ausreichend Abwechslung für jedermann.</span></p>
<p style="text-align: center;"><span style="font-size: medium;"> <span style="font-size: medium;">Die Essenszeiten sind:</span></span></p>
<p style="text-align: center;"><strong><span style="font-size: medium;">Frühstück: 08:00 bis 09:00 Uhr</span></strong></p>
<p style="text-align: center;"><strong><span style="font-size: medium;">Mittagessen: 12:30 bis 13:00 Uhr</span></strong></p>
<p style="text-align: center;"><strong><span style="font-size: medium;">Abendessen: 18:30 bis 19:30 Uhr</span></strong></p>
<p style="text-align: left;"><span style="font-size: medium;">Weiterhin stehen in den umliegenden Ortschaften Einkaufsmärkte zur Verfügung, um sich mit Knabberzeugs und Getränken eindecken zu können.</span></p>
<p style="text-align: left;"><span style="font-size: medium;">Vor Ort werden ein Wasserkocher und eine Kaffeemaschine mit Thermoskanne bereitstehen, wo man sich für einen kleinen Unkostenbeitrag selbst an Kaffee, Cappuccino oder Tee bedienen darf.</span></p>
<p style="text-align: left;"><span style="font-size: medium;">Fast schon traditionell findet am Samstag ein Grillabend statt, wenn uns das Wetter nicht einen gehörigen Strich durch die Rechnung macht. In den vergangenen Jahren hatten wir meist Glück. </span></p>
<p style="text-align: center;"><img loading="lazy" decoding="async" class="alignnone wp-image-4414" src="https://www.buchenau-lan.de/wp-content/uploads/2026/04/IMG_E1080-300x169.jpg" alt="" width="400" height="225" srcset="https://www.buchenau-lan.de/wp-content/uploads/2026/04/IMG_E1080-300x169.jpg 300w, https://www.buchenau-lan.de/wp-content/uploads/2026/04/IMG_E1080-1024x576.jpg 1024w, https://www.buchenau-lan.de/wp-content/uploads/2026/04/IMG_E1080-768x432.jpg 768w, https://www.buchenau-lan.de/wp-content/uploads/2026/04/IMG_E1080-1536x864.jpg 1536w, https://www.buchenau-lan.de/wp-content/uploads/2026/04/IMG_E1080-2048x1152.jpg 2048w" sizes="auto, (max-width: 400px) 100vw, 400px" /></p>
<p style="text-align: left;"><span style="font-size: medium;">Wir werden aber erst kurzfristig entscheiden müssen, ob es sich lohnt, den Grill anzuwerfen oder nicht. Alternativ werden wir wie gewohnt am Abendbuffet teilnehmen. Grillgut wird wieder über das Schloss Buchenau bestellt. Es entstehen dabei keine weiteren Kosten, da diese durch das bereits angerechnete Abendessen gedeckt werden.</span></p>
<p style="text-align: right;"><a href="https://www.buchenau-lan.de/?page_id=68"><span style="font-size: medium;">zurück</span></a></p>
<p><!--:--><!--:en--></p>
<p style="text-align: left;"><!--:--></p>

<p>Unterbringung Im Schloss Buchenau sind wir in Zwei- bis maximal Sechsbettzimmern unterschiedlicher Komfortstufen untergebracht. WCs und Bad/Dusche gibt es entweder in den Zimmern selbst oder auf der Etage (Flur). Das Schloss Buchenau ist eine Gruppenunterkunft und vergibt dementsprechend die Zimmer erst aufgrund der tatsächlich vorhandenen Belegungssituation. Die genaue Belegung legen wir in Abhängigkeit von der [&hellip;]</p>
