{"id":199,"date":"2009-04-17T19:54:27","date_gmt":"2009-04-17T17:54:27","guid":{"rendered":"http:\/\/peadot.de\/buchenau\/?page_id=199"},"modified":"2018-05-26T15:32:09","modified_gmt":"2018-05-26T13:32:09","slug":"impressunm","status":"publish","type":"page","link":"https:\/\/www.buchenau-lan.de\/?page_id=199","title":{"rendered":"Impressum"},"content":{"rendered":"<p><!--:de--><span style=\"font-size: medium;\">Gem\u00e4\u00df \u00a7 28 BDSG widerspreche ich jeder kommerziellen Verwendung und Weitergabe meiner Daten.<\/span><\/p>\n<h4><span style=\"font-size: medium;\">Verantwortungsbereich:<\/span><\/h4>\n<p><span style=\"font-size: medium;\">Das Impressum gilt nur f\u00fcr die Internetpr\u00e4senz unter der Adresse: https:\/\/www.buchenau-lan.de.<\/span><\/p>\n<h4><span style=\"font-size: medium;\">Abgrenzung:<\/span><\/h4>\n<p><span style=\"font-size: medium;\">Die Web-Pr\u00e4senz ist Teil des WWW und dementsprechend mit fremden, sich\u00a0jederzeit wandeln k\u00f6nnenden Web-Sites verkn\u00fcpft, die folglich auch\u00a0nicht diesem Verantwortungsbereich unterliegen und f\u00fcr die nachfolgende\u00a0Informationen nicht gelten. Dass die Links weder gegen Sitten noch\u00a0Gesetze versto\u00dfen, wurde genau ein Mal gepr\u00fcft, n\u00e4mlich bevor sie hier\u00a0aufgenommen wurden. Solche Links, die zu fremden Webprojekten f\u00fchren,\u00a0erkennen Sie daran, dass die Ziel-URL nicht mit https:\/\/www.buchenau-lan.de beginnt.<\/span><\/p>\n<h4><span style=\"font-size: medium;\">Verantwortliche Ansprechperson:<\/span><\/h4>\n<p><span style=\"font-size: medium;\">Marco K.<\/span><\/p>\n<p><span style=\"font-size: medium;\">Den Rest des Nachnamens kann man ganz leicht anhand der unten stehenden Mailadresse herausfinden.<br \/>\n<\/span><\/p>\n<h4><span style=\"font-size: medium;\">elektronische Postadresse:<\/span><\/h4>\n<p><span style=\"font-size: medium;\">mkolmschlag\u00a0 [\u00e4t] gmx [punkt] de<\/span><\/p>\n<h4><span style=\"font-size: medium;\">Zweck dieses Webprojektes:<\/span><\/h4>\n<p><span style=\"font-size: medium;\">rein private Homepage<\/span><\/p>\n<h4><span style=\"font-size: medium;\">Urheberschutz und Nutzung:<\/span><\/h4>\n<p><span style=\"font-size: medium;\">Der Urheber r\u00e4umt Ihnen ganz konkret das Nutzungsrecht ein, sich eine\u00a0private Kopie f\u00fcr pers\u00f6nliche Zwecke anzufertigen. Nicht berechtigt\u00a0sind Sie dagegen, die Materialien zu ver\u00e4ndern und \/oder weiter zu\u00a0geben oder gar selbst zu ver\u00f6ffentlichen.<\/span><\/p>\n<p>Wenn nicht ausdr\u00fccklich anders vermerkt, liegen die Urheberrechte f\u00fcr <strong>Texte und Bilder\/Illustrationen<\/strong> bei: Marco K.<\/p>\n<p><span style=\"font-size: medium;\">An dieser Stelle bedanke ich mich recht herzlich bei Herrn G\u00f6bel, Verantwortlicher des Schlosses Buchenau, f\u00fcr die Erlaubnis, Inhalte und Bilder f\u00fcr diese Webseite zu nutzen.<\/span><\/p>\n<h4><span style=\"font-size: medium;\">Keine Haftung:<\/span><\/h4>\n<p><span style=\"font-size: medium;\">Die Inhalte dieses Webprojektes wurden sorgf\u00e4ltig gepr\u00fcft und nach\u00a0bestem Wissen erstellt. Aber f\u00fcr die hier dargebotenen Informationen\u00a0wird kein Anspruch auf Vollst\u00e4ndigkeit, Aktualit\u00e4t, Qualit\u00e4t und\u00a0Richtigkeit erhoben. Es kann keine Verantwortung f\u00fcr Sch\u00e4den \u00fcbernommen\u00a0werden, die durch das Vertrauen auf die Inhalte dieser Website oder\u00a0deren Gebrauch entstehen.<\/span><\/p>\n<h4><span style=\"font-size: medium;\">Schutzrechtsverletzung:<\/span><\/h4>\n<p><span style=\"font-size: medium;\">Falls Sie vermuten, dass von dieser Website aus eines Ihrer Schutzrechte verletzt wird, teilen Sie das bitte per E-Mail\u00a0mit, damit z\u00fcgig Abhilfe geschafft werden kann. Bitte nehmen Sie zur\u00a0Kenntnis: Die zeitaufw\u00e4ndigere Einschaltung eines Anwaltes zur f\u00fcr den\u00a0Dienstanbieter kostenpflichtigen Abmahnung entspricht nicht dessen\u00a0wirklichen oder mutma\u00dflichen Willen.<\/span><!--:--><!--:en--><\/p>\n<p>&nbsp;<\/p>\n<p><!--:--><\/p>\n","protected":false},"excerpt":{"rendered":"<p>Gem\u00e4\u00df \u00a7 28 BDSG widerspreche ich jeder kommerziellen Verwendung und Weitergabe meiner Daten. Verantwortungsbereich: Das Impressum gilt nur f\u00fcr die Internetpr\u00e4senz unter der Adresse: https:\/\/www.buchenau-lan.de. Abgrenzung: Die Web-Pr\u00e4senz ist Teil des WWW und dementsprechend mit fremden, sich\u00a0jederzeit wandeln k\u00f6nnenden Web-Sites verkn\u00fcpft, die folglich auch\u00a0nicht diesem Verantwortungsbereich unterliegen und f\u00fcr die nachfolgende\u00a0Informationen nicht gelten. Dass die [&hellip;]<\/p>\n","protected":false},"author":2,"featured_media":0,"parent":0,"menu_order":7,"comment_status":"closed","ping_status":"closed","template":"","meta":{"give_campaign_id":0,"footnotes":""},"folder":[],"class_list":["post-199","page","type-page","status-publish","hentry"],"campaignId":"","_links":{"self":[{"href":"https:\/\/www.buchenau-lan.de\/index.php?rest_route=\/wp\/v2\/pages\/199","targetHints":{"allow":["GET"]}}],"collection":[{"href":"https:\/\/www.buchenau-lan.de\/index.php?rest_route=\/wp\/v2\/pages"}],"about":[{"href":"https:\/\/www.buchenau-lan.de\/index.php?rest_route=\/wp\/v2\/types\/page"}],"author":[{"embeddable":true,"href":"https:\/\/www.buchenau-lan.de\/index.php?rest_route=\/wp\/v2\/users\/2"}],"replies":[{"embeddable":true,"href":"https:\/\/www.buchenau-lan.de\/index.php?rest_route=%2Fwp%2Fv2%2Fcomments&post=199"}],"version-history":[{"count":21,"href":"https:\/\/www.buchenau-lan.de\/index.php?rest_route=\/wp\/v2\/pages\/199\/revisions"}],"predecessor-version":[{"id":2618,"href":"https:\/\/www.buchenau-lan.de\/index.php?rest_route=\/wp\/v2\/pages\/199\/revisions\/2618"}],"wp:attachment":[{"href":"https:\/\/www.buchenau-lan.de\/index.php?rest_route=%2Fwp%2Fv2%2Fmedia&parent=199"}],"wp:term":[{"taxonomy":"folder","embeddable":true,"href":"https:\/\/www.buchenau-lan.de\/index.php?rest_route=%2Fwp%2Fv2%2Ffolder&post=199"}],"curies":[{"name":"wp","href":"https:\/\/api.w.org\/{rel}","templated":true}]}}

<p><!--:de--><span style="font-size: medium;">Gemäß § 28 BDSG widerspreche ich jeder kommerziellen Verwendung und Weitergabe meiner Daten.</span></p>
<h4><span style="font-size: medium;">Verantwortungsbereich:</span></h4>
<p><span style="font-size: medium;">Das Impressum gilt nur für die Internetpräsenz unter der Adresse: https://www.buchenau-lan.de.</span></p>
<h4><span style="font-size: medium;">Abgrenzung:</span></h4>
<p><span style="font-size: medium;">Die Web-Präsenz ist Teil des WWW und dementsprechend mit fremden, sich jederzeit wandeln könnenden Web-Sites verknüpft, die folglich auch nicht diesem Verantwortungsbereich unterliegen und für die nachfolgende Informationen nicht gelten. Dass die Links weder gegen Sitten noch Gesetze verstoßen, wurde genau ein Mal geprüft, nämlich bevor sie hier aufgenommen wurden. Solche Links, die zu fremden Webprojekten führen, erkennen Sie daran, dass die Ziel-URL nicht mit https://www.buchenau-lan.de beginnt.</span></p>
<h4><span style="font-size: medium;">Verantwortliche Ansprechperson:</span></h4>
<p><span style="font-size: medium;">Marco K.</span></p>
<p><span style="font-size: medium;">Den Rest des Nachnamens kann man ganz leicht anhand der unten stehenden Mailadresse herausfinden.<br />
</span></p>
<h4><span style="font-size: medium;">elektronische Postadresse:</span></h4>
<p><span style="font-size: medium;">mkolmschlag  [ät] gmx [punkt] de</span></p>
<h4><span style="font-size: medium;">Zweck dieses Webprojektes:</span></h4>
<p><span style="font-size: medium;">rein private Homepage</span></p>
<h4><span style="font-size: medium;">Urheberschutz und Nutzung:</span></h4>
<p><span style="font-size: medium;">Der Urheber räumt Ihnen ganz konkret das Nutzungsrecht ein, sich eine private Kopie für persönliche Zwecke anzufertigen. Nicht berechtigt sind Sie dagegen, die Materialien zu verändern und /oder weiter zu geben oder gar selbst zu veröffentlichen.</span></p>
<p>Wenn nicht ausdrücklich anders vermerkt, liegen die Urheberrechte für <strong>Texte und Bilder/Illustrationen</strong> bei: Marco K.</p>
<p><span style="font-size: medium;">An dieser Stelle bedanke ich mich recht herzlich bei Herrn Göbel, Verantwortlicher des Schlosses Buchenau, für die Erlaubnis, Inhalte und Bilder für diese Webseite zu nutzen.</span></p>
<h4><span style="font-size: medium;">Keine Haftung:</span></h4>
<p><span style="font-size: medium;">Die Inhalte dieses Webprojektes wurden sorgfältig geprüft und nach bestem Wissen erstellt. Aber für die hier dargebotenen Informationen wird kein Anspruch auf Vollständigkeit, Aktualität, Qualität und Richtigkeit erhoben. Es kann keine Verantwortung für Schäden übernommen werden, die durch das Vertrauen auf die Inhalte dieser Website oder deren Gebrauch entstehen.</span></p>
<h4><span style="font-size: medium;">Schutzrechtsverletzung:</span></h4>
<p><span style="font-size: medium;">Falls Sie vermuten, dass von dieser Website aus eines Ihrer Schutzrechte verletzt wird, teilen Sie das bitte per E-Mail mit, damit zügig Abhilfe geschafft werden kann. Bitte nehmen Sie zur Kenntnis: Die zeitaufwändigere Einschaltung eines Anwaltes zur für den Dienstanbieter kostenpflichtigen Abmahnung entspricht nicht dessen wirklichen oder mutmaßlichen Willen.</span><!--:--><!--:en--></p>
<p>&nbsp;</p>
<p><!--:--></p>

<p>Gemäß § 28 BDSG widerspreche ich jeder kommerziellen Verwendung und Weitergabe meiner Daten. Verantwortungsbereich: Das Impressum gilt nur für die Internetpräsenz unter der Adresse: https://www.buchenau-lan.de. Abgrenzung: Die Web-Präsenz ist Teil des WWW und dementsprechend mit fremden, sich jederzeit wandeln könnenden Web-Sites verknüpft, die folglich auch nicht diesem Verantwortungsbereich unterliegen und für die nachfolgende Informationen nicht gelten. Dass die [&hellip;]</p>
