{"id":10,"date":"2009-04-15T22:29:50","date_gmt":"2009-04-15T20:29:50","guid":{"rendered":"http:\/\/peadot.de\/buchenau\/?page_id=10"},"modified":"2021-05-16T13:10:13","modified_gmt":"2021-05-16T11:10:13","slug":"technik","status":"publish","type":"page","link":"https:\/\/www.buchenau-lan.de\/?page_id=10","title":{"rendered":"Die Technik"},"content":{"rendered":"<p><!--:de--><span style=\"font-size: medium;\">Die komplette Netzwerkeinrichtung wird durch die Organisatoren zur Verf\u00fcgung gestellt. F\u00fcr einen reibungslosen Ablauf haben wir eigens f\u00fcr die LAN ab dem Jahre 2012 1 GBit Switches (Netgear GS116 \/ GS108) angeschafft, die untereinander mit einem CAT 7 Kabel verbunden sind.<br \/>\n<\/span><\/p>\n<p><span style=\"font-size: medium;\">In jedem Raum werden, je nach Belegung, ein oder zwei Switches stehen, an denen sich jeder mit einem Netzwerkkabel verbinden kann. Die notwendigen Netzwerkkabel wurden ebenfalls in verschiedenen L\u00e4ngen beschafft (alle CTA 6a). Desweiteren ist die Hardware zur sicheren Stromversorgung vorhanden. Jeder braucht sich an seinem Platz nur noch an die bereits verlegten Mehrfachsteckdosen anklemmen. Zum Schutz der Leitungen wurden f\u00fcr die Laufwege Kabelkan\u00e4le besorgt.<br \/>\n<\/span><\/p>\n<p style=\"text-align: center;\"><img loading=\"lazy\" decoding=\"async\" class=\"aligncenter\" style=\"border: 5px solid #ffffff;\" title=\"Lan-Technik\" src=\"https:\/\/www.buchenau-lan.de\/wp-content\/uploads\/Webseite\/LAN_Technik_Router.jpg\" alt=\"LAN-Technik\" width=\"400\" height=\"300\"><\/p>\n<p><span style=\"font-size: medium;\">Im Netzwerk wird es einen dedicated Game-Server geben. Teamspeak und IVC laufen auf einem separaten Server. Im Netzwerk wird dar\u00fcber hinaus eine 1 TByte-Platte&nbsp;zum Datenaustausch freigegeben. Wenn&nbsp;das nicht reichen sollte, k\u00f6nnt Ihr mit lokalen Freigaben arbeiten.<\/span><\/p>\n<p><span style=\"font-size: medium;\">Wir werden ebenfalls eine Anbindung an das Internet sicherstellen. Man muss dabei allerdings bedenken, dass es sich dabei um eine DSL 50000 Anbindung f\u00fcr das gesamte Schloss handelt. Die Bandbreite wird also sehr begrenzt sein. Um E-Mails abzurufen oder zum St\u00f6bern in Foren reicht es aber allemal. WLAN ist m\u00f6glich.<br \/>\n<\/span><\/p>\n<p><span style=\"font-size: medium;\">Wie die Technik vor Ort genau aussehen wird, werden wir erst kurzfristig vor der LAN entscheiden, da sie insbesondere von der Teilnehmerzahl abh\u00e4ngig ist. Kurz vor der LAN werden aber schon die Raumpl\u00e4ne mit der komplett eingezeichneten Netzwerk- und Stromversorgungsinfrastruktur an die Teilnehmer gesteuert, um den Aufbau m\u00f6glichst z\u00fcgig zu gestalten. Wir sind auf Eure Hilfe angewiesen. Wir werden uns aber darauf vorbereiten, auch vor Ort kurzfristig umdisponieren zu k\u00f6nnen.<br \/>\n<\/span><\/p>\n<p><span style=\"font-size: medium;\">N\u00e4here Hinweise zur Einrichtung Deiner Netzwerk-, Teamspeak- und Spieleinstellungen erh\u00e4ltst Du in unserer LAN-Checkliste, die rechtzeitig vor Veranstaltungsbeginn per Mail versandt wird.<\/span><\/p>\n<p style=\"text-align: right;\"><a href=\"https:\/\/www.buchenau-lan.de\/?page_id=68\"><span style=\"font-size: medium;\">zur\u00fcck<\/span><\/a><\/p>\n<p><!--:--><!--:en--><\/p>\n<p><!--:--><\/p>\n","protected":false},"excerpt":{"rendered":"<p>Die komplette Netzwerkeinrichtung wird durch die Organisatoren zur Verf\u00fcgung gestellt. F\u00fcr einen reibungslosen Ablauf haben wir eigens f\u00fcr die LAN ab dem Jahre 2012 1 GBit Switches (Netgear GS116 \/ GS108) angeschafft, die untereinander mit einem CAT 7 Kabel verbunden sind. In jedem Raum werden, je nach Belegung, ein oder zwei Switches stehen, an denen [&hellip;]<\/p>\n","protected":false},"author":2,"featured_media":0,"parent":364,"menu_order":1,"comment_status":"closed","ping_status":"open","template":"","meta":{"give_campaign_id":0,"footnotes":""},"folder":[],"class_list":["post-10","page","type-page","status-publish","hentry"],"campaignId":"","_links":{"self":[{"href":"https:\/\/www.buchenau-lan.de\/index.php?rest_route=\/wp\/v2\/pages\/10","targetHints":{"allow":["GET"]}}],"collection":[{"href":"https:\/\/www.buchenau-lan.de\/index.php?rest_route=\/wp\/v2\/pages"}],"about":[{"href":"https:\/\/www.buchenau-lan.de\/index.php?rest_route=\/wp\/v2\/types\/page"}],"author":[{"embeddable":true,"href":"https:\/\/www.buchenau-lan.de\/index.php?rest_route=\/wp\/v2\/users\/2"}],"replies":[{"embeddable":true,"href":"https:\/\/www.buchenau-lan.de\/index.php?rest_route=%2Fwp%2Fv2%2Fcomments&post=10"}],"version-history":[{"count":44,"href":"https:\/\/www.buchenau-lan.de\/index.php?rest_route=\/wp\/v2\/pages\/10\/revisions"}],"predecessor-version":[{"id":3951,"href":"https:\/\/www.buchenau-lan.de\/index.php?rest_route=\/wp\/v2\/pages\/10\/revisions\/3951"}],"up":[{"embeddable":true,"href":"https:\/\/www.buchenau-lan.de\/index.php?rest_route=\/wp\/v2\/pages\/364"}],"wp:attachment":[{"href":"https:\/\/www.buchenau-lan.de\/index.php?rest_route=%2Fwp%2Fv2%2Fmedia&parent=10"}],"wp:term":[{"taxonomy":"folder","embeddable":true,"href":"https:\/\/www.buchenau-lan.de\/index.php?rest_route=%2Fwp%2Fv2%2Ffolder&post=10"}],"curies":[{"name":"wp","href":"https:\/\/api.w.org\/{rel}","templated":true}]}}